 203 is divided by 43.
31
Calculate the remainder when 6609 is divided by 19.
16
What is the remainder when 383 is divided by 20?
3
Calculate the remainder when 343 is divided by 12.
7
What is the remainder when 699 is divided by 177?
168
Calculate the remainder when 2445 is divided by 34.
31
Calculate the remainder when 93 is divided by 29.
6
Calculate the remainder when 3563 is divided by 8.
3
What is the remainder when 965 is divided by 39?
29
Calculate the remainder when 283 is divided by 95.
93
Calculate the remainder when 201 is divided by 22.
3
What is the remainder when 550 is divided by 69?
67
What is the remainder when 12255 is divided by 32?
31
Calculate the remainder when 387 is divided by 185.
17
Calculate the remainder when 881 is divided by 127.
119
What is the remainder when 692 is divided by 77?
76
What is the remainder when 212 is divided by 31?
26
Calculate the remainder when 134 is divided by 35.
29
What is the remainder when 376 is divided by 3?
1
Calculate the remainder when 141 is divided by 19.
8
Calculate the remainder when 101 is divided by 7.
3
Calculate the remainder when 369 is divided by 74.
73
What is the remainder when 254 is divided by 7?
2
Calculate the remainder when 244 is divided by 90.
64
Calculate the remainder when 10940 is divided by 48.
44
Calculate the remainder when 2858 is divided by 20.
18
Calculate the remainder when 183 is divided by 39.
27
Calculate the remainder when 2431 is divided by 21.
16
What is the remainder when 250 is divided by 69?
43
Calculate the remainder when 1348 is divided by 8.
4
What is the remainder when 66 is divided by 27?
12
Calculate the remainder when 53 is divided by 19.
15
What is the remainder when 69 is divided by 25?
19
What is the remainder when 188 is divided by 29?
14
What is the remainder when 123 is divided by 43?
37
What is the remainder when 769 is divided by 37?
29
What is the remainder when 891 is divided by 277?
60
What is the remainder when 387 is divided by 44?
35
What is the remainder when 1149 is divided by 46?
45
Calculate the remainder when 536 is divided by 21.
11
What is the remainder when 142 is divided by 24?
22
What is the remainder when 820 is divided by 8?
4
What is the remainder when 411 is divided by 23?
20
What is the remainder when 190 is divided by 4?
2
What is the remainder when 2821 is divided by 403?
0
Calculate the remainder when 6863 is divided by 68.
63
Calculate the remainder when 2252 is divided by 49.
47
What is the remainder when 417 is divided by 86?
73
Calculate the remainder when 160 is divided by 24.
16
Calculate the remainder when 145 is divided by 30.
25
Calculate the remainder when 118 is divided by 17.
16
What is the remainder when 153 is divided by 29?
8
Calculate the remainder when 2393 is divided by 18.
17
What is the remainder when 71 is divided by 21?
8
Calculate the remainder when 888 is divided by 177.
3
What is the remainder when 200 is divided by 35?
25
Calculate the remainder when 211 is divided by 19.
2
What is the remainder when 756 is divided by 38?
34
Calculate the remainder when 83 is divided by 18.
11
What is the remainder when 448 is divided by 119?
91
What is the remainder when 1116 is divided by 91?
24
What is the remainder when 341 is divided by 34?
1
What is the remainder when 139 is divided by 60?
19
Calculate the remainder when 1449 is divided by 66.
63
Calculate the remainder when 906 is divided by 152.
146
What is the remainder when 135 is divided by 70?
65
What is the remainder when 1421 is divided by 18?
17
Calculate the remainder when 60 is divided by 38.
22
What is the remainder when 196 is divided by 40?
36
Calculate the remainder when 874 is divided by 4.
2
What is the remainder when 840 is divided by 215?
195
Calculate the remainder when 64 is divided by 34.
30
Calculate the remainder when 22 is divided by 17.
5
Calculate the remainder when 1976 is divided by 124.
116
What is the remainder when 66 is divided by 16?
2
Calculate the remainder when 257 is divided by 215.
42
What is the remainder when 8633 is divided by 2871?
20
What is the remainder when 3224 is divided by 3196?
28
Calculate the remainder when 1329 is divided by 9.
6
What is the remainder when 153 is divided by 15?
3
Calculate the remainder when 2271 is divided by 561.
27
Calculate the remainder when 199 is divided by 68.
63
What is the remainder when 53 is divided by 27?
26
What is the remainder when 257 is divided by 70?
47
What is the remainder when 93 is divided by 30?
3
What is the remainder when 320 is divided by 7?
5
Calculate the remainder when 125 is divided by 4.
1
What is the remainder when 406 is divided by 131?
13
Calculate the remainder when 204 is divided by 37.
19
What is the remainder when 493 is divided by 124?
121
What is the remainder when 967 is divided by 75?
67
What is the remainder when 2055 is divided by 11?
9
What is the remainder when 1019 is divided by 6?
5
Calculate the remainder when 313 is divided by 46.
37
Calculate the remainder when 4377 is divided by 21.
9
Calculate the remainder when 202 is divided by 52.
46
Calculate the remainder when 45 is divided by 18.
9
Calculate the remainder when 4154 is divided by 126.
122
What is the remainder when 131 is divided by 12?
11
What is the remainder when 809 is divided by 45?
44
What is the remainder when 240 is divided by 130?
110
Calculate the remainder when 522 is divided by 6.
0
What is the remainder when 185 is divided by 43?
13
What is the remainder when 140 is divided by 94?
46
What is the remainder when 232 is divided by 59?
55
What is the remainder when 91 is divided by 24?
19
Calculate the remainder when 241 is divided by 71.
28
Calculate the remainder when 426 is divided by 39.
36
Calculate the remainder when 12 is divided by 11.
1
Calculate the remainder when 70 is divided by 12.
10
Calculate the remainder when 6995 is divided by 1747.
7
Calculate the remainder when 59 is divided by 25.
9
What is the remainder when 13365 is divided by 8?
5
What is the remainder when 1599 is divided by 80?
79
Calculate the remainder when 72 is divided by 32.
8
Calculate the remainder when 667 is divided by 10.
7
What is the remainder when 95 is divided by 36?
23
Calculate the remainder when 917 is divided by 54.
53
What is the remainder when 227 is divided by 2?
1
Calculate the remainder when 1011 is divided by 4.
3
What is the remainder when 317 is divided by 72?
29
What is the remainder when 810 is divided by 29?
27
Calculate the remainder when 275 is divided by 69.
68
Calculate the remainder when 123 is divided by 13.
6
What is the remainder when 1296 is divided by 65?
61
What is the remainder when 930 is divided by 67?
59
Calculate the remainder when 576 is divided by 186.
18
What is the remainder when 794 is divided by 22?
2
Calculate the remainder when 1474 is divided by 517.
440
What is the remainder when 1436 is divided by 120?
116
What is the remainder when 1953 is divided by 85?
83
Calculate the remainder when 898 is divided by 60.
58
Calculate the remainder when 2337 is divided by 84.
69
What is the remainder when 8491 is divided by 218?
207
What is the remainder when 469 is divided by 143?
40
Calculate the remainder when 121 is divided by 33.
22
Calculate the remainder when 621 is divided by 87.
12
What is the remainder when 502 is divided by 74?
58
What is the remainder when 306 is divided by 104?
98
Calculate the remainder when 264 is divided by 30.
24
What is the remainder when 114 is divided by 8?
2
What is the remainder when 559 is divided by 4?
3
Calculate the remainder when 3600 is divided by 1189.
33
Calculate the remainder when 141 is divided by 3.
0
What is the remainder when 55 is divided by 44?
11
What is the remainder when 1169 is divided by 78?
77
What is the remainder when 678 is divided by 35?
13
Calculate the remainder when 112 is divided by 4.
0
Calculate the remainder when 50 is divided by 37.
13
Calculate the remainder when 15167 is divided by 197.
195
What is the remainder when 1589 is divided by 15?
14
Calculate the remainder when 1881 is divided by 43.
32
What is the remainder when 169 is divided by 19?
17
Calculate the remainder when 376 is divided by 81.
52
What is the remainder when 195 is divided by 41?
31
What is t